{"id":43,"date":"2024-11-09T13:55:21","date_gmt":"2024-11-09T10:55:21","guid":{"rendered":"https:\/\/melisoner.net\/?post_type=product&#038;p=43"},"modified":"2025-10-02T11:58:28","modified_gmt":"2025-10-02T08:58:28","slug":"arbitraj-egitimi","status":"publish","type":"product","link":"https:\/\/melisoner.net\/index.php\/product\/arbitraj-egitimi\/","title":{"rendered":"ARB\u0130TRAJ E\u011e\u0130T\u0130M\u0130 &#8211; B\u0130REYSEL"},"content":{"rendered":"<p>Amazon arbitraj e\u011fitimi;<\/p>\n<p>DERSLER GRUP OLARAK ZOOM \u00fczerinden olacakt\u0131r.<\/p>\n<p>12 CANLI zoom dersi ile,<br \/>\n&#8211; \u00dcr\u00fcn analizi,<br \/>\n&#8211; \u00dcr\u00fcn arama,<br \/>\n&#8211; Manuel y\u00f6nteler,<\/p>\n<ul>\n<li>Bireysel olarak hesaplar\u0131n a\u00e7\u0131lmas\u0131,<\/li>\n<li>\u0130lk koli g\u00f6nderiminde bireysel destek.<\/li>\n<\/ul>\n<p>&nbsp;<\/p>\n","protected":false},"excerpt":{"rendered":"<p>Amazon arbitraj e\u011fitimi; DERSLER GRUP OLARAK ZOOM \u00fczerinden olacakt\u0131r. 12 CANLI zoom dersi ile, &#8211; \u00dcr\u00fcn analizi, &#8211; \u00dcr\u00fcn arama, &#8211; Manuel y\u00f6nteler, Bireysel olarak hesaplar\u0131n a\u00e7\u0131lmas\u0131, \u0130lk koli g\u00f6nderiminde bireysel destek. &nbsp;<\/p>\n","protected":false},"featured_media":80,"comment_status":"open","ping_status":"closed","template":"","meta":{"om_disable_all_campaigns":false,"_monsterinsights_skip_tracking":false,"_monsterinsights_sitenote_active":false,"_monsterinsights_sitenote_note":"","_monsterinsights_sitenote_category":0,"_ti_tpc_template_sync":false,"_ti_tpc_template_id":""},"product_cat":[27],"product_tag":[],"class_list":{"0":"post-43","1":"product","2":"type-product","3":"status-publish","4":"has-post-thumbnail","6":"product_cat-danismanlik-hizmetleri","8":"first","9":"instock","10":"sale","11":"downloadable","12":"virtual","13":"sold-individually","14":"taxable","15":"purchasable","16":"product-type-simple"},"aioseo_notices":[],"_links":{"self":[{"href":"https:\/\/melisoner.net\/index.php\/wp-json\/wp\/v2\/product\/43"}],"collection":[{"href":"https:\/\/melisoner.net\/index.php\/wp-json\/wp\/v2\/product"}],"about":[{"href":"https:\/\/melisoner.net\/index.php\/wp-json\/wp\/v2\/types\/product"}],"replies":[{"embeddable":true,"href":"https:\/\/melisoner.net\/index.php\/wp-json\/wp\/v2\/comments?post=43"}],"wp:featuredmedia":[{"embeddable":true,"href":"https:\/\/melisoner.net\/index.php\/wp-json\/wp\/v2\/media\/80"}],"wp:attachment":[{"href":"https:\/\/melisoner.net\/index.php\/wp-json\/wp\/v2\/media?parent=43"}],"wp:term":[{"taxonomy":"product_cat","embeddable":true,"href":"https:\/\/melisoner.net\/index.php\/wp-json\/wp\/v2\/product_cat?post=43"},{"taxonomy":"product_tag","embeddable":true,"href":"https:\/\/melisoner.net\/index.php\/wp-json\/wp\/v2\/product_tag?post=43"}],"curies":[{"name":"wp","href":"https:\/\/api.w.org\/{rel}","templated":true}]}}